?
True
Is 45 a factor of 341910?
True
Does 42 divide 4330645?
False
Does 589 divide 560548?
False
Does 672 divide 4902912?
True
Is 99 a factor of 833778?
True
Does 199 divide 195617?
True
Is 15 a factor of 17790?
True
Is 109 a factor of 623854?
False
Is 7751073 a multiple of 11?
True
Is 11 a factor of 45288?
False
Does 61 divide 652883?
True
Is 32490 a multiple of 22?
False
Does 1070 divide 2553485?
False
Does 48 divide 37324?
False
Does 64 divide 285707?
False
Is 23726580 a multiple of 12?
True
Is 40 a factor of 2050680?
True
Is 29 a factor of 4699914?
True
Is 175 a factor of 1213237?
False
Does 9 divide 31229?
False
Is 75520 a multiple of 55?
False
Does 108 divide 310392?
True
Is 289 a factor of 1881968?
True
Is 8863830 a multiple of 155?
True
Is 20 a factor of 156100?
True
Is 211770 a multiple of 45?
True
Does 53 divide 93916?
True
Does 312 divide 6002136?
False
Is 649865 a multiple of 555?
False
Is 4937189 a multiple of 25?
False
Is 15873 a multiple of 4?
False
Is 10508116 a multiple of 2092?
True
Is 482460 a multiple of 129?
True
Is 588 a factor of 2330244?
True
Does 7 divide 400687?
True
Is 19 a factor of 1548157?
False
Does 45 divide 70875?
True
Is 14 a factor of 236628?
True
Is 150682 a multiple of 159?
False
Does 18 divide 91332?
True
Is 7 a factor of 771?
False
Is 15 a factor of 14235773?
False
Is 2677448 a multiple of 14?
False
Is 2065088 a multiple of 237?
False
Does 6 divide 493920?
True
Does 435 divide 1247580?
True
Is 5923863 a multiple of 159?
True
Does 8 divide 66421?
False
Is 952264 a multiple of 179?
False
Is 21653 a multiple of 367?
True
Is 36 a factor of 1297512?
True
Is 23547 a multiple of 69?
False
Does 76 divide 1754020?
False
Is 347058 a multiple of 27?
True
Is 37109 a multiple of 5?
False
Is 1379055 a multiple of 445?
True
Does 33 divide 89727?
True
Is 264195 a multiple of 45?
True
Is 73944 a multiple of 18?
True
Is 62 a factor of 66556?
False
Does 631 divide 51873?
False
Is 137002 a multiple of 163?
False
Does 79 divide 600625?
False
Is 104 a factor of 1123168?
False
Does 29 divide 124539?
False
Is 1364737 a multiple of 11?
True
Does 197 divide 2397714?
False
Does 76 divide 5985152?
True
Is 7163480 a multiple of 248?
True
Is 6015288 a multiple of 424?
True
Is 2 a factor of 926155?
False
Does 16 divide 2163696?
True
Is 165725 a multiple of 2?
False
Does 195 divide 2922465?
True
Is 592 a factor of 8208672?
True
Is 9 a factor of 298179?
True
Is 3940957 a multiple of 132?
False
Is 446 a factor of 2983294?
True
Does 13 divide 529984?
True
Is 56 a factor of 318976?
True
Is 975635 a multiple of 149?
False
Does 66 divide 900500?
False
Does 16 divide 63472?
True
Is 455586 even?
True
Is 13 a factor of 4762082?
True
Does 267 divide 1057587?
True
Does 262 divide 2738718?
False
Is 70 a factor of 121308?
False
Does 14 divide 70966?
True
Is 260 a factor of 352641?
False
Is 120228 a multiple of 43?
True
Does 1324 divide 2944576?
True
Does 33 divide 311355?
True
Does 214 divide 52858?
True
Is 12 a factor of 1453896?
True
Is 87 a factor of 1881984?
True
Is 152418 a multiple of 42?
True
Is 14 a factor of 5397091?
False
Is 3464 a multiple of 25?
False
Is 17 a factor of 517072?
True
Is 41273 a multiple of 412?
False
Is 9754822 a multiple of 77?
True
Is 242 a factor of 14417392?
True
Is 129 a factor of 25572130?
False
Is 88990 a multiple of 193?
False
Does 8 divide 8469070?
False
Does 15 divide 739365?
True
Is 5 a factor of 180205?
True
Is 45255 a multiple of 35?
True
Is 40 a factor of 333000?
True
Does 10 divide 98260?
True
Is 6813414 a multiple of 226?
False
Is 4915080 a multiple of 216?
True
Is 77 a factor of 1814582?
True
Is 11 a factor of 291460?
False
Does 202 divide 10250086?
True
Is 30 a factor of 27362282?
False
Is 19416686 a multiple of 17?
True
Does 63 divide 233793?
True
Does 120 divide 677631?
False
Does 469 divide 2293410?
True
Does 16 divide 562112?
True
Is 182 a factor of 3627988?
True
Is 482380 a multiple of 271?
True
Is 2222586 a multiple of 23?
False
Does 47 divide 229348?
False
Is 1942255 a multiple of 7?
True
Does 679 divide 3738400?
False
Is 47439 a multiple of 13?
False
Does 43 divide 9770?
False
Does 10 divide 49431?
False
Is 6616900 a multiple of 100?
True
Does 19 divide 330885?
True
Does 78 divide 805896?
True
Is 157600 a multiple of 134?
False
Is 19932257 a multiple of 172?
False
Is 179616 a multiple of 5?
False
Is 671230 a multiple of 446?
True
Is 260007 a multiple of 11?
True
Is 690887 a multiple of 126?
False
Does 18 divide 1001432?
False
Does 777 divide 3729934?
False
Is 8298 a multiple of 3?
True
Does 38 divide 1463762?
False
Is 29 a factor of 103907?
True
Is 554712 a multiple of 207?
False
Is 12 a factor of 3784320?
True
Does 105 divide 1564500?
True
Is 38226 a multiple of 23?
True
Is 7290552 a multiple of 102?
True
Does 202 divide 42398?
False
Is 2374680 a multiple of 7?
True
Is 1265184 a multiple of 191?
True
Is 50591 even?
False
Is 401467 even?
False
Is 17612468 a multiple of 19?
True
Does 150 divide 176100?
True
Is 186468 a multiple of 16?
False
Does 26 divide 283357?
False
Is 26837 a multiple of 571?
True
Is 9078 even?
True
Is 260071 a multiple of 21?
False
Does 306 divide 7717233?
False
Does 18 divide 227988?
True
Is 143945 a multiple of 41?
False
Is 163 a factor of 455911?
True
Is 321082 a multiple of 219?
False
Is 503500 a multiple of 50?
True
Does 15 divide 19515?
True
Is 14 a factor of 105327?
False
Is 114 a factor of 382281?
False
Is 87 a factor of 301629?
True
Does 9 divide 13444?
False
Is 2442604 a multiple of 60?
False
Is 5 a factor of 120110?
True
Is 670 a factor of 428529?
False
Does 14 divide 11858?
True
Is 17610 a multiple of 505?
False
Is 109966 a multiple of 9?
False
Does 27 divide 33993?
True
Is 284871 a multiple of 97?
False
Is 7 a factor of 202251?
True
Is 571 a factor of 19414?
True
Does 54 divide 5009256?
True
Is 1177444 a multiple of 298?
False
Is 15 a factor of 1474590?
True
Does 164 divide 7740878?
False
Is 299 a factor of 30854375?
False
Does 388 divide 10864?
True
Does 258 divide 15081693?
False
Is 13148 a multiple of 19?
True
Is 8672200 a multiple of 662?
True
Does 73 divide 167279?
False
Is 1014918 a multiple of 60?
False
Is 953026 a multiple of 85?
False
Is 76120 a multiple of 5?
True
Is 204 a factor of 8980921?
False
Does 47 divide 43246?
False
Is 2240076 a multiple of 6?
True
Does 10 divide 213530?
True
Is 2 a factor of 9?
False
Is 49 a factor of 641845?
False
Is 248 a factor of 1412?
False
Does 91 divide 87815?
True
Is 2399679 a multiple of 47?
True
Does 26 divide 69028?
False
Is 6204502 a multiple of 107?
True
Is 63 a factor of 127939?
False
Is 232 a factor of 149872?
True
Is 1692053 a multiple of 93?
False
Is 7 a factor of 979405?
True
Is 476 a factor of 3041164?
True
Is 2435022 a multiple of 46?
False
Is 12 a factor of 406715?
False
Does 79 divide 2452239?
True
Is 34 a factor of 138686?
True
Is 5054839 a multiple of 624?
False
Does 58 divide 136764?
True
Does 14 divide 2370571?
False
Is 42 a factor of 1342740?
True
Is 73436 a multiple of 7?
False
Is 3558282 a multiple of 182?
True
Is 14 a factor of 2532460?
True
Is 1663052 a multiple of 48?
False
Is 23 a factor of 92919?
False
Is 103 a factor of 368843?
True
Is 50 a factor of 47604?
False
Is 523 a factor of 1293844?
False
Is 305116 a multiple of 17?
True
Is 291452 a multiple of 49?
True
Is 294372 a multiple of 52?
True
Is 481396 a multiple of 197?
False
Does 18 divide 108522?
True
Is 481935 a multiple of 14?
False
Is 349425 a multiple of 75?
True
Does 230 divide 1081000?
True
Is 10082 a multiple of 17?
False
Is 15 a factor of 209582?
False
Is 3 a factor of 48424?
False
Is 31 a factor of 7102887?
False
Is 1150669 a multiple of 143?
False
Does 11 divide 5021665?
True
Is 63395 a multiple of 40?
False
Is 811823 a multiple of 183?
False
Is 1125321 a multiple of 1041?
True
Is 5036 a multiple of 10?
False
Is 49402 a multiple of 39?
False
Is 246819 a multiple of 47?
False
Is 1673808 a multiple of 48?
True
Is 75009 a multiple of 33?
True
Is 1358462 a multiple of 8?
False
Is 388 a factor of 34565504?
False
Does 17 divide 8289376?
False
Does 9 divide 6235035?
False
Is 489 a factor of 2183874?
True
Is 17 a factor of 3433626?
True
Is 20 a factor of 591331?
False
Is 27 a factor of 50621?
False
Is 16 a factor of 502775?
False
I